{"id":2720,"date":"2025-06-14T08:24:09","date_gmt":"2025-06-14T06:24:09","guid":{"rendered":"https:\/\/www.drevo-prkenka.cz\/?post_type=product&#038;p=2720"},"modified":"2025-09-10T01:29:05","modified_gmt":"2025-09-09T23:29:05","slug":"prkenko-s-kocickou","status":"publish","type":"product","link":"https:\/\/www.drevo-prkenka.cz\/?product=prkenko-s-kocickou","title":{"rendered":"Prk\u00e9nko s ko\u010di\u010dkou"},"content":{"rendered":"<blockquote><p>\ud83e\udd70Prk\u00e9nko se siluetou ko\u010di\u010dky z \u010derven\u00e9ho dubu<br \/>\n\ud83c\udf40D\u00e9lka 54cm, \u0161\u00ed\u0159ka 20cm<br \/>\n\ud83d\udee2\ufe0fO\u0161et\u0159eno OSMO olejem pro styk s potravinami<br \/>\n\ud83e\udde1Voln\u00e9\ud83e\udde1<\/p><\/blockquote>\n","protected":false},"excerpt":{"rendered":"<p>\ud83e\udd70Prk\u00e9nko se siluetou ko\u010di\u010dky z \u010derven\u00e9ho dubu \ud83c\udf40D\u00e9lka 54cm, \u0161\u00ed\u0159ka 20cm \ud83d\udee2\ufe0fO\u0161et\u0159eno OSMO olejem pro styk s potravinami \ud83e\udde1Voln\u00e9\ud83e\udde1<\/p>\n","protected":false},"featured_media":2721,"comment_status":"open","ping_status":"closed","template":"","meta":[],"product_brand":[],"product_cat":[46],"product_tag":[],"class_list":{"0":"post-2720","1":"product","2":"type-product","3":"status-publish","4":"has-post-thumbnail","6":"product_cat-prkenka","8":"first","9":"instock","10":"sale","11":"shipping-taxable","12":"purchasable","13":"product-type-simple"},"jetpack_sharing_enabled":true,"_links":{"self":[{"href":"https:\/\/www.drevo-prkenka.cz\/index.php?rest_route=\/wp\/v2\/product\/2720","targetHints":{"allow":["GET"]}}],"collection":[{"href":"https:\/\/www.drevo-prkenka.cz\/index.php?rest_route=\/wp\/v2\/product"}],"about":[{"href":"https:\/\/www.drevo-prkenka.cz\/index.php?rest_route=\/wp\/v2\/types\/product"}],"replies":[{"embeddable":true,"href":"https:\/\/www.drevo-prkenka.cz\/index.php?rest_route=%2Fwp%2Fv2%2Fcomments&post=2720"}],"wp:featuredmedia":[{"embeddable":true,"href":"https:\/\/www.drevo-prkenka.cz\/index.php?rest_route=\/wp\/v2\/media\/2721"}],"wp:attachment":[{"href":"https:\/\/www.drevo-prkenka.cz\/index.php?rest_route=%2Fwp%2Fv2%2Fmedia&parent=2720"}],"wp:term":[{"taxonomy":"product_brand","embeddable":true,"href":"https:\/\/www.drevo-prkenka.cz\/index.php?rest_route=%2Fwp%2Fv2%2Fproduct_brand&post=2720"},{"taxonomy":"product_cat","embeddable":true,"href":"https:\/\/www.drevo-prkenka.cz\/index.php?rest_route=%2Fwp%2Fv2%2Fproduct_cat&post=2720"},{"taxonomy":"product_tag","embeddable":true,"href":"https:\/\/www.drevo-prkenka.cz\/index.php?rest_route=%2Fwp%2Fv2%2Fproduct_tag&post=2720"}],"curies":[{"name":"wp","href":"https:\/\/api.w.org\/{rel}","templated":true}]}}