{"id":2685,"date":"2025-04-08T20:42:55","date_gmt":"2025-04-08T18:42:55","guid":{"rendered":"https:\/\/www.drevo-prkenka.cz\/?post_type=product&#038;p=2685"},"modified":"2025-04-08T20:42:55","modified_gmt":"2025-04-08T18:42:55","slug":"tac-z-tresne-s-kovovymi-uchyty","status":"publish","type":"product","link":"https:\/\/www.drevo-prkenka.cz\/?product=tac-z-tresne-s-kovovymi-uchyty","title":{"rendered":"T\u00e1c z t\u0159e\u0161n\u011b s kovov\u00fdmi \u00fachyty"},"content":{"rendered":"<p>\ud83d\udc95P\u0159in\u00e1\u0161\u00edme v\u00e1m Novinku v podob\u011b t\u00e1cu a tentokr\u00e1t se jedn\u00e1 o \ud83c\udf52t\u0159e\u0161\u0148ov\u00e9 d\u0159evo<\/p>\n<p>\ud83d\udca5T\u00e1c m\u00e1 2 kovov\u00e9 \u00fachyty, 2 prohlubn\u011b nap\u0159\u00edklad na skleni\u010dku na v\u00edno, nebo je m\u016f\u017eete pou\u017e\u00edt jako men\u0161\u00ed misti\u010dky \ud83c\udf5a<\/p>\n<p>\ud83d\udccfRozm\u011bry m\u00e1 59x28x2cm<\/p>\n<p>\ud83d\udc4dZat\u00edm jedin\u00fd kousek<\/p>\n","protected":false},"excerpt":{"rendered":"<p>\ud83d\udc95P\u0159in\u00e1\u0161\u00edme v\u00e1m Novinku v podob\u011b t\u00e1cu a tentokr\u00e1t se jedn\u00e1 o \ud83c\udf52t\u0159e\u0161\u0148ov\u00e9 d\u0159evo \ud83d\udca5T\u00e1c m\u00e1 2 kovov\u00e9 \u00fachyty, 2 prohlubn\u011b nap\u0159\u00edklad na skleni\u010dku na v\u00edno, nebo je m\u016f\u017eete pou\u017e\u00edt jako men\u0161\u00ed misti\u010dky \ud83c\udf5a \ud83d\udccfRozm\u011bry m\u00e1 59x28x2cm \ud83d\udc4dZat\u00edm jedin\u00fd kousek<\/p>\n","protected":false},"featured_media":2686,"comment_status":"open","ping_status":"closed","template":"","meta":[],"product_brand":[],"product_cat":[47],"product_tag":[],"class_list":{"0":"post-2685","1":"product","2":"type-product","3":"status-publish","4":"has-post-thumbnail","6":"product_cat-tacy","8":"first","9":"instock","10":"shipping-taxable","11":"purchasable","12":"product-type-simple"},"jetpack_sharing_enabled":true,"_links":{"self":[{"href":"https:\/\/www.drevo-prkenka.cz\/index.php?rest_route=\/wp\/v2\/product\/2685","targetHints":{"allow":["GET"]}}],"collection":[{"href":"https:\/\/www.drevo-prkenka.cz\/index.php?rest_route=\/wp\/v2\/product"}],"about":[{"href":"https:\/\/www.drevo-prkenka.cz\/index.php?rest_route=\/wp\/v2\/types\/product"}],"replies":[{"embeddable":true,"href":"https:\/\/www.drevo-prkenka.cz\/index.php?rest_route=%2Fwp%2Fv2%2Fcomments&post=2685"}],"wp:featuredmedia":[{"embeddable":true,"href":"https:\/\/www.drevo-prkenka.cz\/index.php?rest_route=\/wp\/v2\/media\/2686"}],"wp:attachment":[{"href":"https:\/\/www.drevo-prkenka.cz\/index.php?rest_route=%2Fwp%2Fv2%2Fmedia&parent=2685"}],"wp:term":[{"taxonomy":"product_brand","embeddable":true,"href":"https:\/\/www.drevo-prkenka.cz\/index.php?rest_route=%2Fwp%2Fv2%2Fproduct_brand&post=2685"},{"taxonomy":"product_cat","embeddable":true,"href":"https:\/\/www.drevo-prkenka.cz\/index.php?rest_route=%2Fwp%2Fv2%2Fproduct_cat&post=2685"},{"taxonomy":"product_tag","embeddable":true,"href":"https:\/\/www.drevo-prkenka.cz\/index.php?rest_route=%2Fwp%2Fv2%2Fproduct_tag&post=2685"}],"curies":[{"name":"wp","href":"https:\/\/api.w.org\/{rel}","templated":true}]}}