{"id":2376,"date":"2024-12-09T21:28:26","date_gmt":"2024-12-09T20:28:26","guid":{"rendered":"https:\/\/www.drevo-prkenka.cz\/?post_type=product&#038;p=2376"},"modified":"2025-09-10T01:17:41","modified_gmt":"2025-09-09T23:17:41","slug":"prkenko-obdelnik-wenge-habr","status":"publish","type":"product","link":"https:\/\/www.drevo-prkenka.cz\/?product=prkenko-obdelnik-wenge-habr","title":{"rendered":"Prk\u00e9nko obdeln\u00edk wenge\/habr"},"content":{"rendered":"<p><span class=\"html-span xexx8yu x4uap5 x18d9i69 xkhd6sd x1hl2dhg x16tdsg8 x1vvkbs x3nfvp2 x1j61x8r x1fcty0u xdj266r xat24cr xgzva0m xhhsvwb xxymvpz xlup9mm x1kky2od\"><img decoding=\"async\" class=\"xz74otr\" src=\"https:\/\/static.xx.fbcdn.net\/images\/emoji.php\/v9\/t15\/1\/16\/1f49b.png\" alt=\"\ud83d\udc9b\" width=\"16\" height=\"16\" \/><\/span>Elegantn\u00ed d\u0159ev\u011bn\u00e9 prk\u00e9nko ve tvaru obd\u00e9ln\u00edku, vyroben\u00e9 z kombinace wenge a habru, je dokonal\u00fdm dopl\u0148kem pro ka\u017edou kuchyni.<br class=\"html-br\" \/><span class=\"html-span xexx8yu x4uap5 x18d9i69 xkhd6sd x1hl2dhg x16tdsg8 x1vvkbs x3nfvp2 x1j61x8r x1fcty0u xdj266r xat24cr xgzva0m xhhsvwb xxymvpz xlup9mm x1kky2od\"><img decoding=\"async\" class=\"xz74otr\" src=\"https:\/\/static.xx.fbcdn.net\/images\/emoji.php\/v9\/t97\/1\/16\/1fa75.png\" alt=\"\ud83e\ude75\" width=\"16\" height=\"16\" \/><\/span>Toto prk\u00e9nko je navr\u017eeno nejen pro kr\u00e1jen\u00ed, ale tak\u00e9 pro stylov\u00e9 serv\u00edrov\u00e1n\u00ed s\u00fdr\u016f, chleb\u00ed\u010dk\u016f a jednohubek.<br class=\"html-br\" \/><span class=\"html-span xexx8yu x4uap5 x18d9i69 xkhd6sd x1hl2dhg x16tdsg8 x1vvkbs x3nfvp2 x1j61x8r x1fcty0u xdj266r xat24cr xgzva0m xhhsvwb xxymvpz xlup9mm x1kky2od\"><img decoding=\"async\" class=\"xz74otr\" src=\"https:\/\/static.xx.fbcdn.net\/images\/emoji.php\/v9\/t94\/1\/16\/1f49a.png\" alt=\"\ud83d\udc9a\" width=\"16\" height=\"16\" \/><\/span>Wenge: Toto exotick\u00e9 d\u0159evo je cen\u011bno pro svou tmavou, bohatou barvu a vynikaj\u00edc\u00ed tvrdost, kter\u00e1 zaji\u0161\u0165uje dlouhou \u017eivotnost prk\u00e9nka.<br class=\"html-br\" \/><span class=\"html-span xexx8yu x4uap5 x18d9i69 xkhd6sd x1hl2dhg x16tdsg8 x1vvkbs x3nfvp2 x1j61x8r x1fcty0u xdj266r xat24cr xgzva0m xhhsvwb xxymvpz xlup9mm x1kky2od\"><img loading=\"lazy\" decoding=\"async\" class=\"xz74otr\" src=\"https:\/\/static.xx.fbcdn.net\/images\/emoji.php\/v9\/t99\/1\/16\/1fa77.png\" alt=\"\ud83e\ude77\" width=\"16\" height=\"16\" \/><\/span>Habr: Tento druh d\u0159eva p\u0159id\u00e1v\u00e1 prk\u00e9nku sv\u011btl\u00fd kontrast a zvy\u0161uje jeho odolnost proti opot\u0159eben\u00ed.<br class=\"html-br\" \/><span class=\"html-span xexx8yu x4uap5 x18d9i69 xkhd6sd x1hl2dhg x16tdsg8 x1vvkbs x3nfvp2 x1j61x8r x1fcty0u xdj266r xat24cr xgzva0m xhhsvwb xxymvpz xlup9mm x1kky2od\"><img loading=\"lazy\" decoding=\"async\" class=\"xz74otr\" src=\"https:\/\/static.xx.fbcdn.net\/images\/emoji.php\/v9\/t96\/1\/16\/1f49c.png\" alt=\"\ud83d\udc9c\" width=\"16\" height=\"16\" \/><\/span>D\u00edky kvalitn\u00edmu zpracov\u00e1n\u00ed a v\u00fdb\u011bru pr\u00e9miov\u00fdch materi\u00e1l\u016f je prk\u00e9nko mimo\u0159\u00e1dn\u011b odoln\u00e9 a p\u0159ipraven\u00e9 na ka\u017edodenn\u00ed pou\u017e\u00edv\u00e1n\u00ed.<br class=\"html-br\" \/>Kontrast mezi tmav\u00fdm wenge a sv\u011btl\u00fdm habrem vytv\u00e1\u0159\u00ed atraktivn\u00ed design, kter\u00fd zaujme na prvn\u00ed pohled.<br class=\"html-br\" \/>Ide\u00e1ln\u00ed jak pro kr\u00e1jen\u00ed, tak pro serv\u00edrov\u00e1n\u00ed, toto prk\u00e9nko p\u0159id\u00e1 eleganci jak\u00e9koli p\u0159\u00edle\u017eitosti.<br class=\"html-br\" \/>Dop\u0159ejte sv\u00e9 kuchyni kousek luxusu a prakti\u010dnosti s t\u00edmto jedine\u010dn\u00fdm d\u0159ev\u011bn\u00fdm prk\u00e9nkem, kter\u00e9 nejen usnadn\u00ed pr\u00e1ci, ale tak\u00e9 zkr\u00e1\u0161l\u00ed ka\u017ed\u00fd v\u00e1\u0161 kulin\u00e1\u0159sk\u00fd z\u00e1\u017eitek.<br class=\"html-br\" \/>Rozm\u011br: 51x27x2cm<\/p>\n","protected":false},"excerpt":{"rendered":"<p>Elegantn\u00ed d\u0159ev\u011bn\u00e9 prk\u00e9nko ve tvaru obd\u00e9ln\u00edku, vyroben\u00e9 z kombinace wenge a habru, je dokonal\u00fdm dopl\u0148kem pro ka\u017edou kuchyni.Toto prk\u00e9nko je navr\u017eeno nejen pro kr\u00e1jen\u00ed, ale tak\u00e9 pro stylov\u00e9 serv\u00edrov\u00e1n\u00ed s\u00fdr\u016f, chleb\u00ed\u010dk\u016f a jednohubek.Wenge: Toto exotick\u00e9 d\u0159evo je cen\u011bno pro svou tmavou, bohatou barvu a vynikaj\u00edc\u00ed tvrdost, kter\u00e1 zaji\u0161\u0165uje dlouhou \u017eivotnost prk\u00e9nka.Habr: Tento druh d\u0159eva p\u0159id\u00e1v\u00e1 prk\u00e9nku sv\u011btl\u00fd kontrast a zvy\u0161uje jeho odolnost proti opot\u0159eben\u00ed.D\u00edky kvalitn\u00edmu zpracov\u00e1n\u00ed a v\u00fdb\u011bru pr\u00e9miov\u00fdch materi\u00e1l\u016f je prk\u00e9nko mimo\u0159\u00e1dn\u011b odoln\u00e9 a p\u0159ipraven\u00e9 na ka\u017edodenn\u00ed pou\u017e\u00edv\u00e1n\u00ed.Kontrast mezi tmav\u00fdm wenge a sv\u011btl\u00fdm habrem vytv\u00e1\u0159\u00ed atraktivn\u00ed design, kter\u00fd zaujme na prvn\u00ed pohled.Ide\u00e1ln\u00ed jak pro kr\u00e1jen\u00ed, tak pro serv\u00edrov\u00e1n\u00ed, toto prk\u00e9nko p\u0159id\u00e1 eleganci jak\u00e9koli p\u0159\u00edle\u017eitosti.Dop\u0159ejte sv\u00e9 kuchyni kousek luxusu a prakti\u010dnosti s t\u00edmto jedine\u010dn\u00fdm d\u0159ev\u011bn\u00fdm prk\u00e9nkem, kter\u00e9 nejen usnadn\u00ed pr\u00e1ci, ale tak\u00e9 zkr\u00e1\u0161l\u00ed ka\u017ed\u00fd v\u00e1\u0161 kulin\u00e1\u0159sk\u00fd z\u00e1\u017eitek.Rozm\u011br: 51x27x2cm<\/p>\n","protected":false},"featured_media":2377,"comment_status":"open","ping_status":"closed","template":"","meta":[],"product_brand":[],"product_cat":[46],"product_tag":[],"class_list":{"0":"post-2376","1":"product","2":"type-product","3":"status-publish","4":"has-post-thumbnail","6":"product_cat-prkenka","8":"first","9":"instock","10":"sale","11":"shipping-taxable","12":"purchasable","13":"product-type-simple"},"jetpack_sharing_enabled":true,"_links":{"self":[{"href":"https:\/\/www.drevo-prkenka.cz\/index.php?rest_route=\/wp\/v2\/product\/2376","targetHints":{"allow":["GET"]}}],"collection":[{"href":"https:\/\/www.drevo-prkenka.cz\/index.php?rest_route=\/wp\/v2\/product"}],"about":[{"href":"https:\/\/www.drevo-prkenka.cz\/index.php?rest_route=\/wp\/v2\/types\/product"}],"replies":[{"embeddable":true,"href":"https:\/\/www.drevo-prkenka.cz\/index.php?rest_route=%2Fwp%2Fv2%2Fcomments&post=2376"}],"wp:featuredmedia":[{"embeddable":true,"href":"https:\/\/www.drevo-prkenka.cz\/index.php?rest_route=\/wp\/v2\/media\/2377"}],"wp:attachment":[{"href":"https:\/\/www.drevo-prkenka.cz\/index.php?rest_route=%2Fwp%2Fv2%2Fmedia&parent=2376"}],"wp:term":[{"taxonomy":"product_brand","embeddable":true,"href":"https:\/\/www.drevo-prkenka.cz\/index.php?rest_route=%2Fwp%2Fv2%2Fproduct_brand&post=2376"},{"taxonomy":"product_cat","embeddable":true,"href":"https:\/\/www.drevo-prkenka.cz\/index.php?rest_route=%2Fwp%2Fv2%2Fproduct_cat&post=2376"},{"taxonomy":"product_tag","embeddable":true,"href":"https:\/\/www.drevo-prkenka.cz\/index.php?rest_route=%2Fwp%2Fv2%2Fproduct_tag&post=2376"}],"curies":[{"name":"wp","href":"https:\/\/api.w.org\/{rel}","templated":true}]}}

Prkénko obdelník wenge/habr

<p><span class="html-span xexx8yu x4uap5 x18d9i69 xkhd6sd x1hl2dhg x16tdsg8 x1vvkbs x3nfvp2 x1j61x8r x1fcty0u xdj266r xat24cr xgzva0m xhhsvwb xxymvpz xlup9mm x1kky2od"><img decoding="async" class="xz74otr" src="https://static.xx.fbcdn.net/images/emoji.php/v9/t15/1/16/1f49b.png" alt="💛" width="16" height="16" /></span>Elegantní dřevěné prkénko ve tvaru obdélníku, vyrobené z kombinace wenge a habru, je dokonalým doplňkem pro každou kuchyni.<br class="html-br" /><span class="html-span xexx8yu x4uap5 x18d9i69 xkhd6sd x1hl2dhg x16tdsg8 x1vvkbs x3nfvp2 x1j61x8r x1fcty0u xdj266r xat24cr xgzva0m xhhsvwb xxymvpz xlup9mm x1kky2od"><img decoding="async" class="xz74otr" src="https://static.xx.fbcdn.net/images/emoji.php/v9/t97/1/16/1fa75.png" alt="🩵" width="16" height="16" /></span>Toto prkénko je navrženo nejen pro krájení, ale také pro stylové servírování sýrů, chlebíčků a jednohubek.<br class="html-br" /><span class="html-span xexx8yu x4uap5 x18d9i69 xkhd6sd x1hl2dhg x16tdsg8 x1vvkbs x3nfvp2 x1j61x8r x1fcty0u xdj266r xat24cr xgzva0m xhhsvwb xxymvpz xlup9mm x1kky2od"><img decoding="async" class="xz74otr" src="https://static.xx.fbcdn.net/images/emoji.php/v9/t94/1/16/1f49a.png" alt="💚" width="16" height="16" /></span>Wenge: Toto exotické dřevo je ceněno pro svou tmavou, bohatou barvu a vynikající tvrdost, která zajišťuje dlouhou životnost prkénka.<br class="html-br" /><span class="html-span xexx8yu x4uap5 x18d9i69 xkhd6sd x1hl2dhg x16tdsg8 x1vvkbs x3nfvp2 x1j61x8r x1fcty0u xdj266r xat24cr xgzva0m xhhsvwb xxymvpz xlup9mm x1kky2od"><img loading="lazy" decoding="async" class="xz74otr" src="https://static.xx.fbcdn.net/images/emoji.php/v9/t99/1/16/1fa77.png" alt="🩷" width="16" height="16" /></span>Habr: Tento druh dřeva přidává prkénku světlý kontrast a zvyšuje jeho odolnost proti opotřebení.<br class="html-br" /><span class="html-span xexx8yu x4uap5 x18d9i69 xkhd6sd x1hl2dhg x16tdsg8 x1vvkbs x3nfvp2 x1j61x8r x1fcty0u xdj266r xat24cr xgzva0m xhhsvwb xxymvpz xlup9mm x1kky2od"><img loading="lazy" decoding="async" class="xz74otr" src="https://static.xx.fbcdn.net/images/emoji.php/v9/t96/1/16/1f49c.png" alt="💜" width="16" height="16" /></span>Díky kvalitnímu zpracování a výběru prémiových materiálů je prkénko mimořádně odolné a připravené na každodenní používání.<br class="html-br" />Kontrast mezi tmavým wenge a světlým habrem vytváří atraktivní design, který zaujme na první pohled.<br class="html-br" />Ideální jak pro krájení, tak pro servírování, toto prkénko přidá eleganci jakékoli příležitosti.<br class="html-br" />Dopřejte své kuchyni kousek luxusu a praktičnosti s tímto jedinečným dřevěným prkénkem, které nejen usnadní práci, ale také zkrášlí každý váš kulinářský zážitek.<br class="html-br" />Rozměr: 51x27x2cm</p>

<p>Elegantní dřevěné prkénko ve tvaru obdélníku, vyrobené z kombinace wenge a habru, je dokonalým doplňkem pro každou kuchyni.Toto prkénko je navrženo nejen pro krájení, ale také pro stylové servírování sýrů, chlebíčků a jednohubek.Wenge: Toto exotické dřevo je ceněno pro svou tmavou, bohatou barvu a vynikající tvrdost, která zajišťuje dlouhou životnost prkénka.Habr: Tento druh dřeva přidává prkénku světlý kontrast a zvyšuje jeho odolnost proti opotřebení.Díky kvalitnímu zpracování a výběru prémiových materiálů je prkénko mimořádně odolné a připravené na každodenní používání.Kontrast mezi tmavým wenge a světlým habrem vytváří atraktivní design, který zaujme na první pohled.Ideální jak pro krájení, tak pro servírování, toto prkénko přidá eleganci jakékoli příležitosti.Dopřejte své kuchyni kousek luxusu a praktičnosti s tímto jedinečným dřevěným prkénkem, které nejen usnadní práci, ale také zkrášlí každý váš kulinářský zážitek.Rozměr: 51x27x2cm</p>
